{"id":8,"date":"2022-09-25T21:20:24","date_gmt":"2022-09-25T21:20:24","guid":{"rendered":"https:\/\/premiumwines.com.ar\/?page_id=8"},"modified":"2024-07-10T17:18:36","modified_gmt":"2024-07-10T17:18:36","slug":"premiun-wines-2022","status":"publish","type":"page","link":"https:\/\/premiumwines.com.ar\/index.php\/premiun-wines-2022\/","title":{"rendered":"Premiun Wines 2023"},"content":{"rendered":"<p>[vc_row full_width=&#8221;stretch_row_content_no_spaces&#8221; bg_type=&#8221;bg_color&#8221; css=&#8221;.vc_custom_1720631911473{border-top-width: 0px !important;padding-top: 0px !important;}&#8221; bg_color_value=&#8221;#000000&#8243;][vc_column][vc_single_image alignment=&#8221;center&#8221; image=&#8221;39&#8243;][\/vc_column][\/vc_row][vc_row][vc_column][vc_column_text]<\/p>\n<h3 style=\"margin: 0cm 0cm 0.0001pt; background: white; text-align: center;\"><strong>Premium Wines Experience no es una expo m\u00e1s de vinos, es el evento que desde el a\u00f1o 2011 aumenta\u00a0 los est\u00e1ndares de calidad de los eventos de vino del pa\u00eds.\u00a0 <\/strong><\/h3>\n<p>[\/vc_column_text][\/vc_column][\/vc_row][vc_row][vc_column][vc_column_text]<span style=\"font-weight: 400;\">El evento tendr\u00e1 dos formatos:<\/span><\/p>\n<p><b><br \/>\n<img fetchpriority=\"high\" decoding=\"async\" class=\"size-medium wp-image-34 alignleft\" src=\"http:\/\/premiumwines.com.ar\/wp-content\/uploads\/2023\/09\/premium-resto-300x300.png\" alt=\"\" width=\"300\" height=\"300\" srcset=\"https:\/\/premiumwines.com.ar\/wp-content\/uploads\/2023\/09\/premium-resto-300x300.png 300w, https:\/\/premiumwines.com.ar\/wp-content\/uploads\/2023\/09\/premium-resto-1024x1024.png 1024w, https:\/\/premiumwines.com.ar\/wp-content\/uploads\/2023\/09\/premium-resto-150x150.png 150w, https:\/\/premiumwines.com.ar\/wp-content\/uploads\/2023\/09\/premium-resto-768x768.png 768w, https:\/\/premiumwines.com.ar\/wp-content\/uploads\/2023\/09\/premium-resto-1536x1536.png 1536w, https:\/\/premiumwines.com.ar\/wp-content\/uploads\/2023\/09\/premium-resto.png 2000w\" sizes=\"(max-width: 300px) 100vw, 300px\" \/><strong>Fecha:<\/strong><\/b> Jueves 2 de noviembre<\/p>\n<p><b><strong>Horario:<\/strong><\/b> 20:00 a 00:00 hs<\/p>\n<p><b><strong>Lugar:<\/strong><\/b> Sal\u00f3n Champaqu\u00ed &#8211; Centro de Convenciones del Hotel Quinto Centenario<\/p>\n<p><span style=\"font-weight: 400;\">&#8220;Premium Wines Rest\u00f3&#8221; es el meet &amp; greet de Premium Wines Experience, una experiencia de culto al vino, la alta gastronom\u00eda y sus creadores.<\/span><\/p>\n<p><span style=\"font-weight: 400;\">En esta extraordinaria experiencia, tendr\u00e1s el privilegio de degustar 11 de los vinos m\u00e1s destacados de Argentina, presentados de manera personal por los en\u00f3logos que los crearon. Cada vino ser\u00e1 armoniosamente maridado con una cena de 6 exquisitos pasos, a cargo del chef Dante Aparicio (Cartof) junto al equipo AA&amp;BB del Hotel Quinto Centenario liderado por el chef Nicol\u00e1s Luisanzoff (nuevo director del \u00e1rea).\u00a0<\/span><\/p>\n<p>&nbsp;<\/p>\n<p><strong>PASO 1 &#8211; <i>Cartof<\/i><\/strong><\/p>\n<p><span style=\"font-weight: 400;\">Stracciatella con salm\u00f3n ahumado, encurtidos &amp; uvas asadas<\/span><\/p>\n<p><span style=\"font-weight: 400;\">Otronia Chardonnay presentado por Maximo Rocca<\/span><\/p>\n<p><span style=\"font-weight: 400;\">Perlita Chardonnay 2021 presentado por Ramiro Balliro\u00a0<\/span><\/p>\n<p><strong>PASO 2 &#8211;\u00a0 <i>Quinto Centenario<\/i><\/strong><\/p>\n<p><span style=\"font-weight: 400;\">Espresso de hongos &amp; espuma de leche<\/span><\/p>\n<p><strong>PASO 3 &#8211; <i>Cartof<\/i><\/strong><\/p>\n<p><span style=\"font-weight: 400;\">Carpaccio de lomo, tartufata, lascas de parmesano &amp; yema trufada<\/span><\/p>\n<p><span style=\"font-weight: 400;\">Argento Single Block Org\u00e1nico Malbec presentado por Maximo Rocca\u00a0<\/span><\/p>\n<p><span style=\"font-weight: 400;\">Lindaflor Malbec 2016 presentado por Jos\u00e9 Mounier<\/span><\/p>\n<p><strong>PASO 4 &#8211; <i>Quinto Centenario<\/i><\/strong><\/p>\n<p><span style=\"font-weight: 400;\">Focaccia de morcilla, tres de manzanas y jam\u00f3n crudo crocante<\/span><\/p>\n<p><span style=\"font-weight: 400;\">Lupa Malbec presentado por Juan Pablo Lupia\u00f1ez\u00a0<\/span><\/p>\n<p><span style=\"font-weight: 400;\">Grande Reserve 2019 Malbec &#8211; Cabernet Sauvignon presentado por Ramiro Balliro<\/span><\/p>\n<p><strong>PASO 5 &#8211; <i>Cartof<\/i><\/strong><\/p>\n<p><span style=\"font-weight: 400;\">Salm\u00f3n teriyaki con ensalada de quinoa, miel y nueces<\/span><\/p>\n<p><span style=\"font-weight: 400;\">Traminer presentado por Juan Carlos Mu\u00f1oz\u00a0<\/span><\/p>\n<p><span style=\"font-weight: 400;\">Socavones Capitulum II, Pinot Negro Vintage 2020 presentado por Gabriel Campana<\/span><\/p>\n<p><strong>PASO 6 &#8211; <i>Quinto Centenario<\/i><\/strong><\/p>\n<p><span style=\"font-weight: 400;\">T-bone de cordero grillado con hierbas frescas &amp; sal marina. Demi-glace de hongos salvajes. Pur\u00e9 de alubias. Reducci\u00f3n de Malbec<\/span><\/p>\n<p><span style=\"font-weight: 400;\">IV Generaci\u00f3n Gran Malbec 2019 presentado por Silvio Alberto\u00a0<\/span><\/p>\n<p><span style=\"font-weight: 400;\">Blend of Terroir 2016 presentado por Marcelo Pelleriti<\/span><\/p>\n<p><strong>PASO 7 &#8211; <i>Cartof<\/i><\/strong><\/p>\n<p><span style=\"font-weight: 400;\">Parfait de chocolate blanco, nueces garrapi\u00f1adas, manzana asada, albahaca y pimienta rosa con toffee<\/span><\/p>\n<p><span style=\"font-weight: 400;\">Mar\u00eda Codorniu Brut Nature<\/span><\/p>\n<h2><b><img decoding=\"async\" class=\"aligncenter wp-image-68 size-full\" src=\"http:\/\/premiumwines.com.ar\/wp-content\/uploads\/2023\/10\/PLACARESTo.png\" alt=\"\" width=\"1354\" height=\"653\" srcset=\"https:\/\/premiumwines.com.ar\/wp-content\/uploads\/2023\/10\/PLACARESTo.png 1354w, https:\/\/premiumwines.com.ar\/wp-content\/uploads\/2023\/10\/PLACARESTo-300x145.png 300w, https:\/\/premiumwines.com.ar\/wp-content\/uploads\/2023\/10\/PLACARESTo-1024x494.png 1024w, https:\/\/premiumwines.com.ar\/wp-content\/uploads\/2023\/10\/PLACARESTo-768x370.png 768w\" sizes=\"(max-width: 1354px) 100vw, 1354px\" \/><br \/>\n<\/b><\/h2>\n<p>&nbsp;<\/p>\n<p><span style=\"font-weight: 400;\"><a href=\"https:\/\/ventas.autoentrada.com\/events\/premium-wines-experience\"><img decoding=\"async\" class=\"size-full wp-image-26 alignleft\" src=\"http:\/\/premiumwines.com.ar\/wp-content\/uploads\/2022\/09\/Logo-Autoentrada-200.png\" alt=\"\" width=\"200\" height=\"200\" srcset=\"https:\/\/premiumwines.com.ar\/wp-content\/uploads\/2022\/09\/Logo-Autoentrada-200.png 200w, https:\/\/premiumwines.com.ar\/wp-content\/uploads\/2022\/09\/Logo-Autoentrada-200-150x150.png 150w\" sizes=\"(max-width: 200px) 100vw, 200px\" \/><\/a><\/span><\/p>\n<h2><span style=\"font-weight: 400;\">ENTRADAS ANTICIPADAS<\/span><\/h2>\n<p><span style=\"font-weight: 400;\">\u00a1No te pierdas la oportunidad y asegura tu entrada a un precio incre\u00edble a solo $39.000!\u00a0<\/span><\/p>\n<p><span style=\"font-weight: 400;\">La venta de entradas estar\u00e1 disponible hasta el 1 de Noviembre hasta las 21hs.<\/span><\/p>\n<p><span style=\"font-weight: 400;\">Consegu\u00ed tu entrada a trav\u00e9s de <\/span><a href=\"https:\/\/ventas.autoentrada.com\/events\/premium-wines-experience\"><span style=\"font-weight: 400;\">Autoentrada<\/span><\/a><span style=\"font-weight: 400;\">, y en las mejores vinotecas de C\u00f3rdoba.<\/span><\/p>\n<p><span style=\"font-weight: 400;\">\u00bfNecesitas informaci\u00f3n adicional o est\u00e1s interesado en nuestros paquetes corporativos para grupos de m\u00e1s de 10 personas?\u00a0<\/span><\/p>\n<p><span style=\"font-weight: 400;\">Contactanos al +54 9 3516 83-8901<\/span>[\/vc_column_text][\/vc_column][\/vc_row][vc_row][vc_column]<div class=\"boc_divider_holder\"><div class=\"boc_divider  \"  style=\"margin-top: 20px;margin-bottom: 20px;height: 1px;background: #eeeeee;\"><\/div><\/div>[vc_column_text]<b><img loading=\"lazy\" decoding=\"async\" class=\"size-medium wp-image-35 alignleft\" src=\"http:\/\/premiumwines.com.ar\/wp-content\/uploads\/2023\/09\/premium-11-300x300.png\" alt=\"\" width=\"300\" height=\"300\" srcset=\"https:\/\/premiumwines.com.ar\/wp-content\/uploads\/2023\/09\/premium-11-300x300.png 300w, https:\/\/premiumwines.com.ar\/wp-content\/uploads\/2023\/09\/premium-11-1024x1024.png 1024w, https:\/\/premiumwines.com.ar\/wp-content\/uploads\/2023\/09\/premium-11-150x150.png 150w, https:\/\/premiumwines.com.ar\/wp-content\/uploads\/2023\/09\/premium-11-768x768.png 768w, https:\/\/premiumwines.com.ar\/wp-content\/uploads\/2023\/09\/premium-11-1536x1536.png 1536w, https:\/\/premiumwines.com.ar\/wp-content\/uploads\/2023\/09\/premium-11.png 2000w\" sizes=\"(max-width: 300px) 100vw, 300px\" \/><\/b><strong>Fecha:<\/strong> Viernes 3 y s\u00e1bado 4 de noviembre<\/p>\n<p><strong>Horario: <\/strong>18:00 a 23:00 hs<\/p>\n<p><strong>Lugar: <\/strong>Centro de Convenciones d<\/p>\n<p><span style=\"font-weight: 400;\">La 11\u00aa edici\u00f3n de esta expo es el evento de referencia inexcusable en el sector de los vinos premium del pa\u00eds. <\/span><span style=\"font-weight: 400;\">60 bodegas y una impresionante selecci\u00f3n de m\u00e1s de 400 vinos premium te esperan en un ambiente relajado y de total disfrute. Adem\u00e1s, tendr\u00e1s la oportunidad de participar en catas guiadas por los propios winemakers en sala privada.<\/span><\/p>\n<p><span style=\"font-weight: 400;\">Para disfrutar de los mejores vinos en Premium Wines Experience necesitar\u00e1s una copa. <strong>Podr\u00e1s obtenerla en el evento abonando un seguro de copa en efectivo, reembolsable contra devoluci\u00f3n de la misma.<\/strong><\/span><\/p>\n<h2><\/h2>\n<p>&nbsp;<\/p>\n<p><span style=\"font-weight: 400;\"><a href=\"https:\/\/ventas.autoentrada.com\/events\/premium-wines-experience-expo-2023-11-03-18-00-00-0300\"><img decoding=\"async\" class=\"size-full wp-image-26 alignleft\" src=\"http:\/\/premiumwines.com.ar\/wp-content\/uploads\/2022\/09\/Logo-Autoentrada-200.png\" alt=\"\" width=\"200\" height=\"200\" srcset=\"https:\/\/premiumwines.com.ar\/wp-content\/uploads\/2022\/09\/Logo-Autoentrada-200.png 200w, https:\/\/premiumwines.com.ar\/wp-content\/uploads\/2022\/09\/Logo-Autoentrada-200-150x150.png 150w\" sizes=\"(max-width: 200px) 100vw, 200px\" \/><\/a><\/span><\/p>\n<h2><span style=\"font-weight: 400;\">ENTRADAS ANTICIPADAS<\/span><\/h2>\n<p><span style=\"font-weight: 400;\">\u00a1No te pierdas la oportunidad y asegura tu entrada a un precio incre\u00edble a solo $10.000!\u00a0<\/span><\/p>\n<p><span style=\"font-weight: 400;\">Consegu\u00ed tu entrada a trav\u00e9s de <\/span><a href=\"https:\/\/ventas.autoentrada.com\/events\/premium-wines-experience-expo-2023-11-03-18-00-00-0300\"><span style=\"font-weight: 400;\">Autoentrada<\/span><\/a><span style=\"font-weight: 400;\">, y en las mejores vinotecas de C\u00f3rdoba.<\/span><\/p>\n<p><span style=\"font-weight: 400;\">\u00bfNecesitas informaci\u00f3n adicional o est\u00e1s interesado en nuestros paquetes corporativos para grupos de m\u00e1s de 10 personas? Contactanos al +54 9 3516 83-8901<\/span>[\/vc_column_text][\/vc_column][\/vc_row][vc_row full_width=&#8221;stretch_row_content_no_spaces&#8221;][vc_column][vc_single_image alignment=&#8221;center&#8221; image=&#8221;70&#8243;][vc_column_text]<\/p>\n<p style=\"text-align: center;\"><strong>PREMIUM WINES EXPERIENCE NO ES UNA EXPO M\u00c1S DE VINOS, ES EL EVENTO QUE DESDE EL A\u00d1O 2011 AUMENTA LOS EST\u00c1NDERES DE CALIDAD DE LOS EVENTOS DE VINO EN EL PAIS<\/strong><\/p>\n<p>[\/vc_column_text][\/vc_column][\/vc_row][vc_row][vc_column]<h2 class=\"boc_heading  center  \"  style=\"margin-bottom: 20px;margin-top: 0px;color: #333;\"><span><strong>Organiza<\/strong> <\/span><\/h2>[vc_single_image alignment=&#8221;center&#8221; image=&#8221;45&#8243;][\/vc_column][\/vc_row][vc_row][vc_column width=&#8221;1\/4&#8243;][\/vc_column][vc_column width=&#8221;1\/2&#8243; css=&#8221;.vc_custom_1695299791642{padding-top: 10px !important;background-color: #000000 !important;}&#8221;]<div class=\"boc_spacing \" style=\"height: 5px\"><\/div>\n<div class=\"wpcf7 no-js\" id=\"wpcf7-f9-o1\" lang=\"es-AR\" dir=\"ltr\" data-wpcf7-id=\"9\">\n<div class=\"screen-reader-response\"><p role=\"status\" aria-live=\"polite\" aria-atomic=\"true\"><\/p> <ul><\/ul><\/div>\n<form action=\"\/index.php\/wp-json\/wp\/v2\/pages\/8#wpcf7-f9-o1\" method=\"post\" class=\"wpcf7-form init\" aria-label=\"Formulario de contacto\" novalidate=\"novalidate\" data-status=\"init\">\n<fieldset class=\"hidden-fields-container\"><input type=\"hidden\" name=\"_wpcf7\" value=\"9\" \/><input type=\"hidden\" name=\"_wpcf7_version\" value=\"6.1.1\" \/><input type=\"hidden\" name=\"_wpcf7_locale\" value=\"es_AR\" \/><input type=\"hidden\" name=\"_wpcf7_unit_tag\" value=\"wpcf7-f9-o1\" \/><input type=\"hidden\" name=\"_wpcf7_container_post\" value=\"0\" \/><input type=\"hidden\" name=\"_wpcf7_posted_data_hash\" value=\"\" \/>\n<\/fieldset>\n<div class=\"column one-second\">\n\t<p><span class=\"wpcf7-form-control-wrap\" data-name=\"your-name\"><input size=\"40\" maxlength=\"400\" class=\"wpcf7-form-control wpcf7-text wpcf7-validates-as-required\" aria-required=\"true\" aria-invalid=\"false\" placeholder=\"Nombre\" value=\"\" type=\"text\" name=\"your-name\" \/><\/span>\n\t<\/p>\n<\/div>\n<div class=\"column one-second\">\n\t<p><span class=\"wpcf7-form-control-wrap\" data-name=\"your-email\"><input size=\"40\" maxlength=\"400\" class=\"wpcf7-form-control wpcf7-email wpcf7-validates-as-required wpcf7-text wpcf7-validates-as-email\" aria-required=\"true\" aria-invalid=\"false\" placeholder=\"Email\" value=\"\" type=\"email\" name=\"your-email\" \/><\/span>\n\t<\/p>\n<\/div>\n<div class=\"column one-second\">\n\t<p><span class=\"wpcf7-form-control-wrap\" data-name=\"telefono\"><input size=\"40\" maxlength=\"400\" class=\"wpcf7-form-control wpcf7-text wpcf7-validates-as-required\" aria-required=\"true\" aria-invalid=\"false\" placeholder=\"Tel\u00e9fono (Whatsapp)\" value=\"\" type=\"text\" name=\"telefono\" \/><\/span>\n\t<\/p>\n<\/div>\n<div class=\"column one\">\n\t<p><span class=\"wpcf7-form-control-wrap\" data-name=\"your-message\"><textarea cols=\"40\" rows=\"4\" maxlength=\"2000\" class=\"wpcf7-form-control wpcf7-textarea\" aria-invalid=\"false\" placeholder=\"Mensaje\" name=\"your-message\"><\/textarea><\/span>\n\t<\/p>\n<\/div>\n<div class=\"column one\">\n\t<p><input class=\"wpcf7-form-control wpcf7-submit has-spinner\" type=\"submit\" value=\"Enviar\" \/>\n\t<\/p>\n<\/div><p style=\"display: none !important;\" class=\"akismet-fields-container\" data-prefix=\"_wpcf7_ak_\"><label>&#916;<textarea name=\"_wpcf7_ak_hp_textarea\" cols=\"45\" rows=\"8\" maxlength=\"100\"><\/textarea><\/label><input type=\"hidden\" id=\"ak_js_1\" name=\"_wpcf7_ak_js\" value=\"107\"\/><script>document.getElementById( \"ak_js_1\" ).setAttribute( \"value\", ( new Date() ).getTime() );<\/script><\/p><div class=\"wpcf7-response-output\" aria-hidden=\"true\"><\/div>\n<\/form>\n<\/div>\n[\/vc_column][vc_column width=&#8221;1\/4&#8243;][\/vc_column][\/vc_row][vc_row][vc_column width=&#8221;1\/4&#8243;][\/vc_column][vc_column width=&#8221;1\/2&#8243;]<div class=\"side_icon_box normal  \"><span class=\"icon_feat  icon_solid\" style=\"background: #333333;\"><i class=\"icon icon-facebook5\" style=\"\"><\/i><\/span><h3><a href=\"https:\/\/www.facebook.com\/PremiumWinesExperience\" target=\"_blank\"><\/a><\/h3><div class=\"side_icon_box_content\"><\/p>\n<h2><a href=\"https:\/\/www.facebook.com\/PremiumWinesExperience\"><strong>Facebook<\/strong><\/a><\/h2>\n<p><\/div><\/div><div class=\"side_icon_box normal  \"><span class=\"icon_feat  icon_solid\" style=\"background: #333333;\"><i class=\"icon icon-instagram\" style=\"\"><\/i><\/span><h3><a href=\"https:\/\/www.instagram.com\/p_wines\/\" target=\"_blank\"><\/a><\/h3><div class=\"side_icon_box_content\"><\/p>\n<h2><a href=\"https:\/\/www.instagram.com\/p_wines\/\"><strong>Instagram<\/strong><\/a><\/h2>\n<p><\/div><\/div><div class=\"side_icon_box normal  \"><span class=\"icon_feat  icon_solid\" style=\"background: #333333;\"><i class=\"icon icon-mail3\" style=\"\"><\/i><\/span><h3><a href=\"mailto:comercial@jointgroup.com.ar\" target=\"_blank\"><\/a><\/h3><div class=\"side_icon_box_content\"><strong>comercial@jointgroup.om.ar<\/strong><\/div><\/div><div class=\"side_icon_box normal  \"><span class=\"icon_feat  icon_solid\" style=\"background: #333333;\"><i class=\"icon icon-phone3\" style=\"\"><\/i><\/span><h3><a href=\"https:\/\/walink.co\/851809\" target=\"_blank\"><\/a><\/h3><div class=\"side_icon_box_content\"><\/p>\n<h2><a href=\"https:\/\/walink.co\/851809\"><strong>Tel\u00e9fono: 549 351 6 83-8901<\/strong><\/a><\/h2>\n<p><\/div><\/div>[\/vc_column][vc_column width=&#8221;1\/4&#8243;][\/vc_column][\/vc_row]<\/p>\n","protected":false},"excerpt":{"rendered":"<p>[vc_row full_width=&#8221;stretch_row_content_no_spaces&#8221; bg_type=&#8221;bg_color&#8221; css=&#8221;.vc_custom_1720631911473{border-top-width: 0px !important;padding-top: 0px !important;}&#8221; bg_color_value=&#8221;#000000&#8243;][vc_column][vc_single_image alignment=&#8221;center&#8221; image=&#8221;39&#8243;][\/vc_column][\/vc_row][vc_row][vc_column][vc_column_text] Premium Wines Experience no es una expo m\u00e1s de vinos, es el evento que desde el a\u00f1o 2011 aumenta\u00a0 los est\u00e1ndares de calidad de los eventos de vino del pa\u00eds.\u00a0 [\/vc_column_text][\/vc_column][\/vc_row][vc_row][vc_column][vc_column_text]El evento tendr\u00e1 dos formatos: Fecha: Jueves 2 de noviembre Horario: 20:00 a 00:00 hs Lugar: Sal\u00f3n Champaqu\u00ed &#8211;<\/p>\n<div class=\"h10\"><\/div>\n<p><a class=\"more-link1\" href=\"https:\/\/premiumwines.com.ar\/index.php\/premiun-wines-2022\/\">Read more<\/a><\/p>\n","protected":false},"author":1,"featured_media":0,"parent":0,"menu_order":0,"comment_status":"closed","ping_status":"closed","template":"","meta":{"footnotes":""},"class_list":["post-8","page","type-page","status-publish","hentry"],"aioseo_notices":[],"_links":{"self":[{"href":"https:\/\/premiumwines.com.ar\/index.php\/wp-json\/wp\/v2\/pages\/8","targetHints":{"allow":["GET"]}}],"collection":[{"href":"https:\/\/premiumwines.com.ar\/index.php\/wp-json\/wp\/v2\/pages"}],"about":[{"href":"https:\/\/premiumwines.com.ar\/index.php\/wp-json\/wp\/v2\/types\/page"}],"author":[{"embeddable":true,"href":"https:\/\/premiumwines.com.ar\/index.php\/wp-json\/wp\/v2\/users\/1"}],"replies":[{"embeddable":true,"href":"https:\/\/premiumwines.com.ar\/index.php\/wp-json\/wp\/v2\/comments?post=8"}],"version-history":[{"count":43,"href":"https:\/\/premiumwines.com.ar\/index.php\/wp-json\/wp\/v2\/pages\/8\/revisions"}],"predecessor-version":[{"id":337,"href":"https:\/\/premiumwines.com.ar\/index.php\/wp-json\/wp\/v2\/pages\/8\/revisions\/337"}],"wp:attachment":[{"href":"https:\/\/premiumwines.com.ar\/index.php\/wp-json\/wp\/v2\/media?parent=8"}],"curies":[{"name":"wp","href":"https:\/\/api.w.org\/{rel}","templated":true}]}}